 the remainder when 941 is divided by 8?
5
Calculate the remainder when 175 is divided by 16.
15
Calculate the remainder when 5335 is divided by 92.
91
Calculate the remainder when 2304 is divided by 165.
159
Calculate the remainder when 1652 is divided by 547.
11
What is the remainder when 137 is divided by 6?
5
What is the remainder when 1753 is divided by 13?
11
Calculate the remainder when 2390 is divided by 27.
14
What is the remainder when 1353 is divided by 140?
93
What is the remainder when 82 is divided by 18?
10
What is the remainder when 4118 is divided by 57?
14
What is the remainder when 256 is divided by 19?
9
Calculate the remainder when 213 is divided by 27.
24
Calculate the remainder when 2233 is divided by 139.
9
What is the remainder when 37 is divided by 5?
2
What is the remainder when 241 is divided by 50?
41
Calculate the remainder when 765 is divided by 754.
11
Calculate the remainder when 9 is divided by 1.
0
Calculate the remainder when 142 is divided by 43.
13
Calculate the remainder when 249 is divided by 14.
11
Calculate the remainder when 29 is divided by 6.
5
Calculate the remainder when 233 is divided by 26.
25
What is the remainder when 112 is divided by 41?
30
Calculate the remainder when 1004 is divided by 36.
32
What is the remainder when 650 is divided by 39?
26
Calculate the remainder when 807 is divided by 141.
102
Calculate the remainder when 2503 is divided by 1238.
27
Calculate the remainder when 711 is divided by 35.
11
What is the remainder when 812 is divided by 262?
26
Calculate the remainder when 716 is divided by 36.
32
Calculate the remainder when 180 is divided by 92.
88
What is the remainder when 5217 is divided by 18?
15
What is the remainder when 2251 is divided by 562?
3
Calculate the remainder when 106 is divided by 14.
8
What is the remainder when 3469 is divided by 89?
87
Calculate the remainder when 2472 is divided by 75.
72
Calculate the remainder when 45 is divided by 8.
5
What is the remainder when 6294 is divided by 67?
63
Calculate the remainder when 1751 is divided by 296.
271
What is the remainder when 7310 is divided by 44?
6
What is the remainder when 17685 is divided by 11?
8
What is the remainder when 733 is divided by 41?
36
What is the remainder when 598 is divided by 40?
38
Calculate the remainder when 55 is divided by 22.
11
What is the remainder when 987 is divided by 313?
48
What is the remainder when 391 is divided by 110?
61
Calculate the remainder when 47 is divided by 16.
15
Calculate the remainder when 82 is divided by 24.
10
Calculate the remainder when 709 is divided by 174.
13
What is the remainder when 80 is divided by 22?
14
Calculate the remainder when 1315 is divided by 25.
15
What is the remainder when 1090 is divided by 12?
10
Calculate the remainder when 183 is divided by 94.
89
What is the remainder when 240 is divided by 41?
35
What is the remainder when 1397 is divided by 42?
11
Calculate the remainder when 141 is divided by 48.
45
Calculate the remainder when 102 is divided by 53.
49
Calculate the remainder when 13 is divided by 8.
5
Calculate the remainder when 45 is divided by 23.
22
Calculate the remainder when 113 is divided by 4.
1
What is the remainder when 120 is divided by 19?
6
What is the remainder when 293 is divided by 12?
5
Calculate the remainder when 1677 is divided by 688.
301
What is the remainder when 2325 is divided by 17?
13
Calculate the remainder when 3855 is divided by 19.
17
Calculate the remainder when 22 is divided by 13.
9
Calculate the remainder when 291 is divided by 144.
3
What is the remainder when 226 is divided by 50?
26
What is the remainder when 291 is divided by 274?
17
What is the remainder when 95 is divided by 14?
11
What is the remainder when 15109 is divided by 10?
9
What is the remainder when 492 is divided by 263?
229
Calculate the remainder when 107 is divided by 30.
17
What is the remainder when 640 is divided by 9?
1
What is the remainder when 3073 is divided by 41?
39
What is the remainder when 93 is divided by 23?
1
What is the remainder when 524 is divided by 106?
100
What is the remainder when 333 is divided by 159?
15
What is the remainder when 2265 is divided by 31?
2
What is the remainder when 2533 is divided by 54?
49
Calculate the remainder when 100 is divided by 38.
24
Calculate the remainder when 1519 is divided by 76.
75
What is the remainder when 4688 is divided by 134?
132
What is the remainder when 25 is divided by 14?
11
What is the remainder when 149 is divided by 19?
16
What is the remainder when 783 is divided by 55?
13
Calculate the remainder when 50 is divided by 18.
14
What is the remainder when 675 is divided by 159?
39
Calculate the remainder when 196 is divided by 74.
48
What is the remainder when 46 is divided by 4?
2
What is the remainder when 1889 is divided by 476?
461
What is the remainder when 121 is divided by 52?
17
What is the remainder when 417 is divided by 66?
21
What is the remainder when 15 is divided by 12?
3
What is the remainder when 258 is divided by 66?
60
Calculate the remainder when 68 is divided by 23.
22
What is the remainder when 7541 is divided by 22?
17
What is the remainder when 81 is divided by 27?
0
Calculate the remainder when 1115 is divided by 370.
5
Calculate the remainder when 1905 is divided by 18.
15
Calculate the remainder when 453 is divided by 46.
39
Calculate the remainder when 783 is divided by 202.
177
Calculate the remainder when 251 is divided by 26.
17
What is the remainder when 2094 is divided by 1041?
12
Calculate the remainder when 452 is divided by 13.
10
What is the remainder when 88 is divided by 13?
10
Calculate the remainder when 188 is divided by 38.
36
What is the remainder when 99 is divided by 34?
31
Calculate the remainder when 21460 is divided by 294.
292
What is the remainder when 475 is divided by 243?
232
What is the remainder when 4922 is divided by 52?
34
What is the remainder when 61422 is divided by 351?
348
What is the remainder when 172 is divided by 44?
40
Calculate the remainder when 6658 is divided by 12.
10
Calculate the remainder when 191 is divided by 28.
23
Calculate the remainder when 67 is divided by 16.
3
Calculate the remainder when 158 is divided by 23.
20
Calculate the remainder when 432 is divided by 106.
8
Calculate the remainder when 4812 is divided by 38.
24
What is the remainder when 89 is divided by 41?
7
Calculate the remainder when 356 is divided by 30.
26
What is the remainder when 40 is divided by 36?
4
Calculate the remainder when 718 is divided by 184.
166
Calculate the remainder when 446 is divided by 32.
30
Calculate the remainder when 3919 is divided by 80.
79
What is the remainder when 3779 is divided by 31?
28
What is the remainder when 1011 is divided by 252?
3
Calculate the remainder when 408 is divided by 111.
75
Calculate the remainder when 1428 is divided by 40.
28
Calculate the remainder when 45878 is divided by 5.
3
What is the remainder when 220 is divided by 12?
4
What is the remainder when 145 is divided by 50?
45
What is the remainder when 74 is divided by 11?
8
Calculate the remainder when 199 is divided by 80.
39
Calculate the remainder when 2076 is divided by 123.
108
What is the remainder when 249 is divided by 84?
81
Calculate the remainder when 267 is divided by 6.
3
Calculate the remainder when 298 is divided by 63.
46
Calculate the remainder when 12003 is divided by 7.
5
Calculate the remainder when 8754 is divided by 63.
60
Calculate the remainder when 197 is divided by 41.
33
Calculate the remainder when 206 is divided by 161.
45
Calculate the remainder when 183 is divided by 13.
1
What is the remainder when 420 is divided by 134?
18
Calculate the remainder when 117 is divided by 59.
58
What is the remainder when 377 is divided by 163?
51
Calculate the remainder when 2903 is divided by 132.
131
What is the remainder when 42191 is divided by 291?
287
What is the remainder when 2672 is divided by 107?
104
What is the remainder when 326 is divided by 66?
62
Calculate the remainder when 1091 is divided by 7.
6
Calculate the remainder when 78 is divided by 40.
38
What is the remainder when 2663 is divided by 37?
36
What is the remainder when 366 is divided by 17?
9
